 the hundreds digit of t?
7
Suppose 0*v = 2*v - 6. Let d(n) = 0*n + 4 - 9*n - 3*n**3 + 0 + 5*n**3 + 4*n. What is the tens digit of d(v)?
4
Let t(u) = -4*u + 2. Suppose 0 = -4*i - 0*i. Let c = -7 - i. What is the tens digit of t(c)?
3
What is the tens digit of (-411 + (-8)/(-4))/(16/(-112))?
6
Let v(s) be the third derivative of s**6/120 + s**5/20 - s**4/3 - 2*s**3/3 - 10*s**2. What is the tens digit of v(5)?
5
Let h = -82 + 256. Let j = 308 - h. What is the units digit of j?
4
Let u be -2 + (-1596)/(-49) + 6/14. Suppose 15 = -u*i + 36*i. What is the units digit of i?
3
Let i = 1580 - -1189. What is the thousands digit of i?
2
Let g(p) be the second derivative of -p**5/20 - p**4/12 - p**3/2 - p**2/2 + 5*p. What is the units digit of g(-2)?
9
Let s = 120 + -116. Suppose 142 = j + k, -2*k = -k + s. What is the hundreds digit of j?
1
Let f(u) = 2*u + 5. Let o be f(6). Let b = 19 - o. Suppose -3*h = -10 - b. What is the units digit of h?
4
Let x(v) = v**2 + 11*v - 10. Let w be x(-11). What is the tens digit of (-8)/w + 1086/30?
3
Let y(q) = 55*q + 391. What is the thousands digit of y(27)?
1
Let h be ((-4)/6)/(28/(-21) + 2). Let s(b) = -2*b**2 - b + 2. What is the units digit of s(h)?
1
Suppose 25*s + 10 = 26*s. Suppose 2 + s = -4*p. What is the units digit of 13 - (3 - 4)*p?
0
Let p = -809 + 2050. What is the units digit of p?
1
Let u = 0 - 1. Let o = u + -5. Let m(y) = y**3 + 6*y**2 - 4*y + 3. What is the tens digit of m(o)?
2
Let i be -5*2/(-4)*120/75. Let k = 202 - 64. Suppose -i*l = -k - 14. What is the units digit of l?
8
Suppose 472*d - 3975 = 467*d. What is the tens digit of d?
9
What is the tens digit of (-9 + 6)*-1 + 451?
5
Let a = -9 + 18. Let x(f) be the third derivative of -f**5/60 + f**4/2 - f**3 - 10*f**2. What is the units digit of x(a)?
1
Suppose -h + 4*h - 5*j = -13, 5*h - j + 29 = 0. Let z be (-4)/h + 6136/12. What is the units digit of 4/22 - z/(-88)?
6
Let y(d) = 5*d**2 + 2*d - 1. Let l = -1 - -4. Suppose -1 + l = j. What is the units digit of y(j)?
3
Let u(h) = 252*h - 40. What is the tens digit of u(3)?
1
Let y(n) = 4 + n**2 + 2 + 590*n - 579*n. Let z be y(-7). What is the units digit of (-548)/(-34) - z/(-187)?
6
Let x(z) = 2*z**2 - 3*z - 3. Suppose 4*o + 5*n + 43 = 0, 4*n - 19 = -5*o - 66. What is the units digit of x(o)?
6
Suppose -3*d = -d + 5*a - 131, -5*d = -5*a - 415. Suppose -5*p - 13 = -d. Suppose -3*x = 4*q + p - 91, -x - 70 = -4*q. What is the units digit of q?
8
Suppose 0 = z - 103 - 175. Let a = -189 + z. What is the units digit of a?
9
Let g(n) = -2*n + 15. Let w be g(4). Suppose 0 = -w*p + 2*p + 10. What is the units digit of p?
2
Let t(g) = 13*g**3 - 2*g**2 + 1. Suppose -14*n = -12*n - 2. Let v be t(n). What is the units digit of ((-3)/2)/(v/(-136))?
7
Let i be 33/12 + (-5)/(-40)*-6. What is the tens digit of 303/7 + i + 4/(-14)?
4
Let o be 1 - -2 - (2 + 1). Suppose 2*b + 3*r = -2*r + 127, o = b + 3*r - 65. Let g = b - 34. What is the units digit of g?
2
Suppose 12*j = 18*j - 822. What is the hundreds digit of j?
1
Suppose -3*s + 4*s - 26 = 5*q, 5*s - 61 = 2*q. Suppose 2345 = s*l - 207. What is the hundreds digit of l?
2
Let x(z) = -z - 16. Let f be x(-14). What is the units digit of 2/(-7) - (f - (-1082)/(-14))?
9
Suppose -8*d = -59 + 3. Suppose -6*w - 59 = -d*w. What is the units digit of w?
9
Suppose 5*h + 3*c = 7691, -10 = 2*c - 7*c. What is the tens digit of h?
3
Suppose -263 - 52 = -3*s. Let z be s/28 - 1/(-4). Suppose -3*w - 102 = -5*p, z*w = 2*p - 12 - 26. What is the units digit of p?
1
Let z be (11 + -2 + -2)/1. Let u(i) = -6*i - 11 - i**3 + 13*i**2 + z*i + 0*i. What is the units digit of u(13)?
2
Suppose 1316 = -3*l + 3617. What is the tens digit of l?
6
Let s(f) = -f**3 - 9*f**2 - 14*f + 20. Let h be s(-7). Suppose 5*l + 30 + 25 = -5*w, -21 = 3*w - l. What is the units digit of (-178)/w + 15/h?
3
Suppose 0 = -4*d - 6*l + 5*l + 904, l = 0. What is the hundreds digit of d?
2
Suppose 0 = -q - 5*o - 0*o - 159, -3*o = -4*q - 705. What is the tens digit of ((-14)/(-42))/((-2)/q)?
2
Let t(l) = -31*l + 62. Let a be t(-8). Suppose -4*b = 4*r - 9*r - 410, 0 = 3*b - 5*r - a. What is the units digit of b?
0
Let r be 4/((-24)/9)*24/(-3). Suppose -950 = -r*o + 2*o. What is the tens digit of o?
9
Suppose -j = -1405 - 2854. What is the hundreds digit of j?
2
What is the units digit of (15546/(-18))/((77/21)/(-11))?
1
What is the units digit of 65 - 3*(-32)/12?
3
Suppose -3*v = -11 - 1222. Suppose 3*b + 2*l = -0*l + 322, -4*b + l + v = 0. What is the tens digit of b?
0
Let d be (-15)/(-4) - 1 - 3/(-12). Suppose 64 = t - d*s, -2*t + s + 122 = -3*s. What is the units digit of t?
5
Let v(o) = -3*o + 1. Let i be 4/32*4*2. Let x = -3 + i. What is the units digit of v(x)?
7
Suppose -5*t + 5 = 2*i + 3*i, 3*t - 1 = -i. Suppose t*y + 3*y + 42 = 0. Let c = y + 18. What is the units digit of c?
4
Let t = 1617 + -921. What is the tens digit of t?
9
Let t = 71 + -67. Suppose t*b + 2*a - 458 = 0, -5*b + 399 = -3*a - 201. What is the units digit of b?
7
What is the units digit of 409400/450 - (14/18 - 1)?
0
Suppose 3*z = -95 - 85. Let a = z - -118. What is the tens digit of a?
5
Suppose 7 = 17*n - 44. Suppose 5*l = 5*i + 930, -l = i + n*i - 166. What is the units digit of l?
2
Let p(m) = m**3 + 3*m**2 - 4*m - 3. Let v be p(-4). Let j = 9 + -28. Let d = v - j. What is the tens digit of d?
1
Let r be (-905 + -1 + 0)*(-115)/46. Suppose 5*v = -10*v + r. What is the units digit of v?
1
Suppose 2*j = 6*j. Let h(p) = -p**2 + 47. What is the units digit of h(j)?
7
Let j(l) = -l**3 + l**2 + l - 1. Let y be j(2). Let n be ((-3)/y - 1)/(-1). What is the units digit of (-31)/(-1) + n + 1?
2
Suppose 0 = 8*b - 2519 - 529. What is the hundreds digit of b?
3
Suppose 2*f + 20 = -60. What is the tens digit of (-1 - 2)/(2/f)?
6
Let v(i) be the third derivative of 7*i**5/60 + i**4/8 + 8*i**2. What is the units digit of v(-3)?
4
Let u be 0 - 7 - 4/2. Let j(o) = -5*o - 6. What is the units digit of j(u)?
9
Suppose 0 = -265*g + 270*g - 9975. What is the tens digit of g?
9
Let n be (-1)/1 + (191 - 0). Suppose 2 = 3*o + 2*a, 2*a + 8 = -13*o + 15*o. Suppose 5*j + 0*j = -5*k + n, -76 = -o*j + 3*k. What is the units digit of j?
8
Suppose 9*o - 5*t = 4*o + 205, -2*o = 4*t - 100. Suppose 3 = 3*u, u + 72 = 4*d + 5*u. Let a = o - d. What is the tens digit of a?
2
Let b = 33 - 20. Let v be 1*-4 + 1 + b. Suppose 0 = 9*c - v*c + 26. What is the units digit of c?
6
Let c = -299 - -645. What is the units digit of c?
6
Suppose -3*x = b - 352, -4*x + 2*b + 406 = -80. Let s = x - 98. What is the tens digit of s?
2
Let u(q) = 2*q + 1. Let x be u(2). Suppose x*l = 6*l + 12. Let m(w) = w**2 + 12*w + 18. What is the units digit of m(l)?
8
Let a(q) be the first derivative of -q**4/4 - 10*q**3/3 - 7*q**2/2 - 3*q - 6. Let u be a(-9). What is the units digit of (-7)/2*60/u?
0
Let b = -2333 - -6989. What is the thousands digit of b?
4
Let l(r) be the first derivative of -r**2/2 + r - 13. Let d be l(-8). Suppose -s + 31 = d. What is the units digit of s?
2
Let b be (-3)/(2/(-16)*-2). Suppose 12*s - 336 + 36 = 0. Let o = b + s. What is the tens digit of o?
1
Suppose -6*c + 26 + 10 = 0. Suppose 5*d = -z + 49 - c, 4*d + 4 = 0. What is the units digit of z?
8
Suppose 2*y - 2*l = 1546, 5*y - 2966 - 926 = -4*l. What is the tens digit of y?
7
Let d = -41 + 83. Suppose 3*u = 5*i - 60, -4*u - 13 - d = -5*i. Suppose -59 = -3*j - m + 2*m, 5*m + i = j. What is the tens digit of j?
2
Let y be ((-3)/(-2))/((-81)/2862). Let w = y + 277. What is the tens digit of w?
2
Let t(i) = i**3 + 6*i**2 + 8*i + 2. Let n be t(-2). Suppose -32 + 114 = n*y. What is the tens digit of y?
4
Suppose -15*q - 210 = -20*q. Let z = q + 28. What is the units digit of z?
0
Let c(t) = -t**2 + 33*t - 5. Let u = -27 - -52. What is the units digit of c(u)?
5
Let k = 8 + 6. Let p(s) = s**2 - 14*s + 5. Let r be p(k). Suppose y = 2*z - 4*y - 13, -5*y = -r*z + 40. What is the units digit of z?
9
Suppose 2*n - q - 8 = 0, 2*n - 5*q - 8 = -2*q. Suppose -n*p + 3*l = -2*l + 12, 5*l - 30 = -5*p. What is the units digit of (-6)/p - 50/(-2)?
2
Let o = -4 - 5. What is the units digit of 55/3 + 3/o?
8
Suppose 0 = 57*p - 55*p - 42. Let c = 35 + p. What is the tens digit of c?
5
Suppose r - 2*g + 2 = 4*r, 0 = -2*r - 4*g - 12. Suppos